 l + 3. Let m be (3 - 6 - -4) + -1. Suppose -4*c + 2*g - 10 = 0, 0 = -m*c - 2*c - 3*g - 25. Calculate q(c).
-2
Suppose 10*a = 2*a + 280. Suppose a = -3*b - 2*b. Let t(f) = f**3 + 6*f**2 - 7*f + 10. Give t(b).
10
Let p be 1/(((-6)/4)/(-3)). Let a(k) be the first derivative of -k**7/840 + k**4/24 - 28*k**3/3 + 5. Let c(y) be the third derivative of a(y). Determine c(p).
-7
Let w(d) = 3*d**2 - d. Suppose 225 - 89 = -4*j. Let o be j/30 - 16/(-120). What is w(o)?
4
Let y(r) be the third derivative of -r**4 + r**3/3 + 4*r**2 + 5*r. Calculate y(2).
-46
Let v(q) = -q**2 - 4*q + 1. Let f be (1 - -2) + 25 - 3. Let b = 19 - f. Let z be (b/2)/(-3 - -4). Determine v(z).
4
Let x(u) = 3*u**2 - 1. Let j(n) = 16*n**2 - n - 6. Let r(h) = 2*j(h) - 11*x(h). Give r(-2).
-1
Suppose -48 = -7*q - 34. Let t = 5 + -2. Let a(n) = t + n - 5*n - 2*n. Give a(q).
-9
Let q(t) = 29*t + 12. Let l(y) = 32*y + 15. Let a(w) = -4*l(w) + 5*q(w). Give a(1).
17
Let b(n) = n**3 - n**2 - n + 1. Let m be b(-1). Suppose m = -8*k + 9*k - 1. Let i(h) = -33*h**3 + 2*h**2 - h. Give i(k).
-32
Suppose -4*p - h + 19 = -0*h, -p + 16 = -2*h. Let k(u) = -p + 2*u + 15 - 8. What is k(4)?
9
Let r(f) = -3*f**2 + 29*f + 16. Let l(a) = 2*a**2 - 19*a - 10. Let m(s) = -7*l(s) - 5*r(s). What is m(12)?
-10
Let y(r) = -4 + 0 + 0*r - 2*r + 5. Let p = -37 + 41. What is y(p)?
-7
Let w(r) be the second derivative of -r**4/12 + 4*r**3/3 + 13*r**2/2 + r - 531. Let b(v) = 11*v**3 - 2*v + 1. Let y be b(1). Determine w(y).
-7
Suppose 13 = -4*u - s + 4, -3 = -u + 5*s. Let x(r) = -22*r - 1. Determine x(u).
43
Let w(v) = 20*v**2 - v**2 - 8 - 12*v**2 - 6*v**2 + 4*v + v. Determine w(-8).
16
Let c(y) be the third derivative of -y**5/60 + y**4/12 + 3*y**3 - 23*y**2. Let p be c(5). Let u(j) = -j**3 + 3*j**2 + 2*j - 4. Calculate u(p).
2
Let u(h) be the first derivative of -h**5/40 + 5*h**4/24 - 2*h**3 - 7. Let j(y) be the third derivative of u(y). Give j(4).
-7
Let c(z) be the first derivative of -2*z**3/3 + 19*z**2/2 - 12*z + 83. Calculate c(9).
-3
Suppose -s = 4*v + 4, 10 = -4*s - 5*v - 17. Let b(n) = n**3 + 9*n**2 + 10*n + 4. Calculate b(s).
-12
Let m be -1 - (1 + 0) - -2. Let b(n) be the third derivative of n**5/60 + n**4/24 - 5*n**3/3 + 5*n**2 - 2. What is b(m)?
-10
Let r(z) be the first derivative of 19*z - 2 + 1/2*z**2. Suppose 4*n + 50*u + 4 = 49*u, -3*u = 12. Calculate r(n).
19
Let q(y) = -9*y - 1089*y**3 + 10 - 1092*y**3 + 2182*y**3 - 6*y**2. Determine q(7).
-4
Let z(r) be the third derivative of -r**4/6 - 21*r**3/2 + 881*r**2. Give z(-15).
-3
Suppose 15 = 4*m - 13. Suppose v - m = 5*x, 0 = -2*x + x - 2. Let n(l) = -l + 1. Let f(q) = -q**2 - 4*q + 5. Let y(o) = -f(o) + 3*n(o). Give y(v).
4
Let g(d) = -7 - 48*d - 60*d + 16 + 115*d. Calculate g(-7).
-40
Let a(o) = o**3 - 6*o**2 - 6*o + 3. Let y(g) = 21 + 6*g**2 + 10*g - 2 + g**3 - 8*g. Let t be y(-6). Determine a(t).
10
Let s(b) = -5*b + 2. Let l(t) = -26*t - 8. Let m(i) = -l(i) + 5*s(i). Give m(6).
24
Let n(i) = 2*i**2 - i - 4. Let m be n(0). Let q(v) be the first derivative of -v**2 + 5*v - 2. Determine q(m).
13
Let t be (-2)/(-6) + 1757/21 + 2. Let w(k) = -4*k**2 - k**3 + 89*k + 7*k**2 - t*k + 5. Give w(4).
1
Let s(p) = 7 + 481*p - 240*p - 238*p. Calculate s(-5).
-8
Let u(b) be the third derivative of b**6/120 - 3*b**5/20 + b**4/3 - 2*b**3/3 - 48*b**2. Calculate u(8).
-4
Let d(u) = 2*u - 2 - 4*u - 1 + 6 + u**2. Suppose -5*o - 7 = r - 17, 3*r - 6 = -3*o. Calculate d(o).
3
Let w(o) = o**2 - 4*o + 3. Suppose -x - 3*n = x - 22, 5 = 5*x - 5*n. What is w(x)?
8
Let x(o) = 2*o + 8. Suppose 0 = 5*l - 4*i - 48, 22 = 2*l - 14*i + 11*i. Calculate x(l).
24
Let r be (12/5)/(928/(-80) - -12). Let i(x) = -5*x + 6. Give i(r).
-24
Let i(a) = -2*a**3 + a + 3. Let f be i(-3). Let m = f - 49. Let k(w) = -w**3 + 5*w**2 - 3*w + 2. Calculate k(m).
-13
Suppose -12*x + 9*x = -2*x. Let i(a) = 2*a + 26. Determine i(x).
26
Suppose -2*c + 12 = -12. Suppose c*f - 21 = 15*f. Let n(h) = h + 2. What is n(f)?
-5
Let x(z) = -z**3 - 10*z**2 + 11*z - 9. Let g(f) = f**2 + 17*f - 95. Let b be g(4). Give x(b).
-9
Let l(n) = 5*n - 5 + n**2 - 2 + 5*n + 0*n**2. Let s(b) = 52*b + 720. Let o be s(-14). Calculate l(o).
-23
Let g(i) = i**3 - 2*i**2 + 2*i - 1. Let x be 92/(-3) - 10/(-15). Let p be 26/10 + (-12)/x. Suppose -5*a - 19 = -2*t, -10 = -p*t + 2*a + 2. Give g(t).
3
Let t(y) = -3*y**3 + y**2 + 2. Let w be t(0). Let p(f) = f**2 + 5*f - 2. What is p(w)?
12
Let c be (-24)/(-18) - 2/(-3). Let h(y) = -8 + 3 - 8 + y**2 + c - 6*y. Calculate h(8).
5
Let v(x) be the second derivative of x**4/12 - x**3/6 + x. Suppose 13*i + 12 = 15*i - 4*n, 6 = -2*n. Give v(i).
0
Let i(t) = -4*t - 12. Let r(h) be the third derivative of -h**4/24 - h**3/3 - 23*h**2. Let b(l) = -i(l) + 5*r(l). What is b(7)?
-5
Suppose 48 = 10*c - 62. Let u(i) = -i**2 + 13*i - 27. Determine u(c).
-5
Suppose n - 6 = 5*f, 3*f + 4*n + 1 = -2*f. Let q(c) be the first derivative of c**4/4 - c**2 - c + 12. Calculate q(f).
0
Let r(l) = -l**2 - l - 2. Let h(m) = 8*m**2 + 4*m + 8. Let d(x) = h(x) + 5*r(x). Determine d(-1).
2
Let g(i) = i**3 + 12*i**2 + 34*i - 21. Let p be g(-6). Let z(c) = -c**3 - 8*c**2 + 9*c. What is z(p)?
0
Let u(g) = 138*g - 3 - 279*g + 139*g. What is u(-5)?
7
Let f(g) = 4*g**3 - 15*g**2 - 11*g - 11. Let k(a) = -2 + 4*a - 3*a**3 + 2*a**3 + 6 + 5*a**2. Let c(s) = -2*f(s) - 7*k(s). Suppose -j = j + 8. What is c(j)?
2
Let b(f) = -10*f**2 - f + f + 4 - 6 + 2*f. Let z(h) = 5*h**2 - h + 1. Let t(y) = 3*b(y) + 5*z(y). Calculate t(1).
-5
Suppose 0 = 3*h + 3*a - 18, -3*a = h - 5*h + 59. Let z(f) = 2*f - 13. Determine z(h).
9
Suppose -5 = c - 21. Suppose -5*r + r = -c. Let t be -1 - -2*(-2)/r. Let y(x) = -4*x**2 - 2*x + 2. What is y(t)?
-10
Suppose 9*q - 5*q = 0. Let i(u) = u - 6. What is i(q)?
-6
Suppose -3*d - 2*b - 22 = -5*d, 2*d = 5*b + 28. Let r(a) = -a**2 + 9*a. What is r(d)?
0
Let d = 5 - 3. Let t(n) = n**d - 3*n**2 - 6*n + n**2 + 6. Suppose -15*s + 17*s - 4*u + 16 = 0, 5*s = 2*u - 32. Give t(s).
6
Let n(o) be the third derivative of -o**6/120 + 19*o**5/60 - 2*o**4/3 - 31*o**3/6 + 102*o**2. Give n(18).
5
Let q(n) = 2*n + 13. Let a(s) = s**2 - 31*s + 58. Let x be a(29). What is q(x)?
13
Let c(k) = 37*k + 20. Let w(o) = 7*o + 4. Let a(i) = 2*c(i) - 11*w(i). Suppose 2*h - 5*u = -21, -h + 2*h = u - 6. Calculate a(h).
5
Let q(m) = 2*m + 3. Let h = 39 - 30. Suppose -h*r + 5*r = -12. Give q(r).
9
Let u(r) = r**2 + 2*r - 4. Let d be u(-3). Let z = d - -1. Let f(k) = 2*k + 2 + z - 1 + 0*k. Give f(2).
5
Let z(h) = -2*h + 1. Let t = -42 - -30. Let o be ((-2)/(-6))/(70/t - -6). Give z(o).
-3
Let g(k) = 14 - 8 - 3 - 1 - 2*k. What is g(7)?
-12
Let v(b) be the second derivative of -7*b**4/12 - b**3/2 - 5*b + 7. Calculate v(-2).
-22
Let v(i) = 5*i + 167. Let u(d) = -d - 24. Let l(b) = -14*u(b) - 2*v(b). Suppose 0*m - 4*m = 16. Give l(m).
-14
Let d(t) = -t**3 - 7*t**2 - 6*t + 5. Suppose 2*p - 9 = -p. Let o be -9*(-1)/(p/(-2)). Let s be d(o). Let y(j) = -3*j + 5. Determine y(s).
-10
Let l(x) = 5*x**2 + 14*x - 13*x + 5 - 4. Suppose -15 = -5*t, -4*u + 82 = 3*t - t. Suppose n = 3*n - 4*b + 22, u = n + 4*b. Give l(n).
5
Suppose 1305*w - 63 = 1298*w. Let x(d) = -2*d + 7. Determine x(w).
-11
Let m(x) = -x**3 + x + 0 - 16 - x**3 + 15. Determine m(-2).
13
Let j be 3/((-2)/(-4)*2). Let n(o) = 4*o - 2*o**2 + j*o**2 - 3*o**2 - 2. Let x be (-214 - -10)/17 - -15. Calculate n(x).
-8
Suppose 4*o - 15 - 1 = 0. Let a(i) = -6 - i**2 + o*i**2 + 7 - i. Determine a(1).
3
Let q be (-1 - -7)*4/6. Let a(g) = -4 - 3*g**2 - q + 3 + 2*g**2 + 3*g. Give a(4).
-9
Let q(x) = x + 17. Let p be (-1365)/140 - (-1)/(-4). Determine q(p).
7
Let m(q) = q**3 - q**2 + 3. Let i(l) = l**3 + 2*l**2 - 2*l - 3. Let c be i(-2). Let p(f) = f - 6. Let a be p(3). Let u be a + (6/c - 3). Determine m(u).
3
Let k(y) = -5*y**3 + 7*y**2 - 33*y + 14. Let j(w) = -4*w**3 + 6*w**2 - 26*w + 13. Let z(d) = 4*j(d) - 3*k(d). Give z(3).
-5
Let a be 2/7 + 15/21. Let o = 3 - a. Let j(v) = -6*v - 2 - v**3 - 7*v**2 + 3*v**2 - 2*v**o. Determine j(-4).
-10
Let a = -583 + 593. Let s(g) = -2*g**2 + 22*g - 15. What is s(a)?
5
Let z(c) = 5*c + 6. Let x be 60/36*36/(-30). What is z(x)?
-4
Let z(y) = -2*y + 20. Let w(m) = 2*m - 15. Let x(f) = 5*w(f) + 4*z(f). Let c = 2 + -6. What is x(c)?
-3
Let y be 4 + -2 + -3 - -20. Suppose 21